{"id":59,"date":"2022-06-28T20:17:55","date_gmt":"2022-06-28T20:17:55","guid":{"rendered":"https:\/\/www.ash.es\/tenda-col-sagratcor-palma\/?page_id=59"},"modified":"2022-06-28T20:17:57","modified_gmt":"2022-06-28T20:17:57","slug":"terminos-condiciones-y-politica-de-privacidad","status":"publish","type":"page","link":"https:\/\/www.ash.es\/botiga-ies-josep-font-trias\/terminos-condiciones-y-politica-de-privacidad\/","title":{"rendered":"Terminos, condiciones y pol\u00edtica de privacidad"},"content":{"rendered":"<p><strong>1. Finalidad (bases jur\u00eddicas del tratamiento)&nbsp;<\/strong>&nbsp;<\/p><p>Los datos personales que nos proporcione, as\u00ed como los obtenidos durante la navegaci\u00f3n en nuestros sitios ser\u00e1n utilizados para las siguientes finalidades:&nbsp;&nbsp;<\/p><ol class=\"wp-block-list\"><li>Prestar el servicio de registro en el sitio y los servicios relativos, por requisitos previos a la estipulaci\u00f3n de los contratos de venta, para su ejecuci\u00f3n y para tutelar las posiciones de cr\u00e9dito derivadas de ellos (ejecuci\u00f3n del contrato entre las partes);&nbsp;&nbsp;<\/li><\/ol><ol class=\"wp-block-list\" start=\"2\"><li>Por exigencias de naturaleza operativa, de gesti\u00f3n, administrativa y contable, incluidas las comunicaciones por correo electr\u00f3nico de facturas comerciales (para cumplir con las obligaciones establecidas por la ley y\/o reglamentos, en particular en materia fiscal);&nbsp;&nbsp;<\/li><\/ol><ol class=\"wp-block-list\" start=\"3\"><li>Consentir el acceso y la navegaci\u00f3n a los sitios, elaborar estad\u00edsticas an\u00f3nimas sobre su utilizaci\u00f3n, controlar el funcionamiento y comprobar posibles responsabilidades en caso de actos il\u00edcitos (inter\u00e9s leg\u00edtimo de ASH);&nbsp;&nbsp;<\/li><\/ol><ol class=\"wp-block-list\" start=\"4\"><li>Desarrollar actividades de marketing, de informaci\u00f3n comercial y actividades promocionales, tambi\u00e9n basadas en la elaboraci\u00f3n de perfiles, incluido el env\u00edo de newsletters y material publicitario a trav\u00e9s de aplicaciones de mensajer\u00eda. Las actividades de elaboraci\u00f3n de perfiles efectuadas se basar\u00e1n en el an\u00e1lisis del comportamiento en la navegaci\u00f3n y compra sobre los sitos de ASH y se utilizar\u00e1n con fines publicitarios en base a su comportamiento.&nbsp;&nbsp;<\/li><\/ol><p><strong>2. Cookies&nbsp;<\/strong>&nbsp;<\/p><p>En nuestra web utilizamos cookies propias y de terceros para agilizar la navegaci\u00f3n por el sitio web, recomendar productos, visualizar contenidos, incluida publicidad, personalizados y acordes con sus intereses. <\/p><p><strong>3. Comunicaci\u00f3n de datos \u2013 Trasferencia de datos a externos&nbsp;<\/strong>&nbsp;<\/p><p>Los datos personales recabados podr\u00e1n ser comunicados, seg\u00fan su competencia espec\u00edfica, a las administraciones p\u00fablicas para el desempe\u00f1o de sus funciones institucionales, a entidades bancarias, a sujetos especializados en la gesti\u00f3n de sistemas de informaci\u00f3n y\/o sistemas de pago, a sujetos que proporcionen bienes y servicios ofrecidos por ASH, a sujetos que realicen actividades de transporte o env\u00edo, a sujetos que ASH&nbsp; emplee para actividades promocionales, publicitarias, de marketing y comunicaci\u00f3n, a bufetes de abogados y consultoras, a sujetos encargados de la contabilidad o de auditor\u00eda de las sociedades del Grupo y a autoridades p\u00fablicas para el cumplimiento de la ley.&nbsp;&nbsp;<\/p><p>Los datos personales no ser\u00e1n, en ning\u00fan caso, comunicados a terceros, salvo en los casos indicados anteriormente.&nbsp;&nbsp;<\/p><p>En la medida estrictamente necesaria para la ejecuci\u00f3n de la relaci\u00f3n contractual, sus datos personales pueden cederse a terceros, como por ejemplo proveedores de productos y\/o servicios, ubicados tanto dentro de la Uni\u00f3n&nbsp;&nbsp;<\/p><p><strong>4. Aspectos generales&nbsp;<\/strong>&nbsp;<\/p><p>El tratamiento de sus datos personales podr\u00e1 consistir, adem\u00e1s de en su recogida, en su registro, conservaci\u00f3n, rectificaci\u00f3n, comunicaci\u00f3n y cancelaci\u00f3n de forma automatizada o semiautomatizada y su conservaci\u00f3n se har\u00e1 en formato papel y\/o soporte electr\u00f3nico\/ inform\u00e1tico\/\u00f3ptico.&nbsp;&nbsp;<\/p><p>Todos los datos personales tratados por ASH est\u00e1n protegidos por adecuadas medidas de seguridad, seg\u00fan est\u00e1 previsto en la legislaci\u00f3n vigente y durante el tiempo estrictamente necesario para cumplir las finalidades mencionadas en el punto 1.&nbsp;&nbsp;<\/p><p>Para las finalidades descritas en los puntos 1) y 2), sus datos se conservar\u00e1n durante el per\u00edodo previsto por la ley.&nbsp;&nbsp;<\/p><p>Para la finalidad descrita en el punto 3) los datos ser\u00e1n conservados durante 2 a\u00f1os.&nbsp;&nbsp;<\/p><p>Para la finalidad descrita en el punto 4) los datos ser\u00e1n conservados hasta la revocaci\u00f3n del consentimiento o la interrupci\u00f3n de la relaci\u00f3n contractual.&nbsp;&nbsp;<\/p><p>De acuerdo a lo previsto en el art.13 del RGPD (EU) 2016\/679, le recordamos que usted tiene derecho a solicitar el acceso a sus datos personales, la rectificaci\u00f3n, la supresi\u00f3n de los mismos (cuando corresponda) o limitaci\u00f3n de su tratamiento. Tambi\u00e9n tiene derecho a revocar la autorizaci\u00f3n para tratar los datos para los que ha dado su consentimiento, as\u00ed como el derecho a solicitar la portabilidad de sus datos o a presentar una reclamaci\u00f3n ante la Autoridad de Control para la protecci\u00f3n de datos personales.&nbsp;&nbsp;<\/p><p>Todos los derechos anteriormente descritos pueden ejercerse remitiendo un correo electr\u00f3nico a la direcci\u00f3n:ash@ash.es. Le responderemos sin demora.&nbsp;&nbsp;<\/p><p>El Responsable del Tratamiento es ASH con domicilio social en rqborea. Calle Joan Riutort, 28, 07190 Esporles.&nbsp;&nbsp;<\/p>","protected":false},"excerpt":{"rendered":"<p>1. Finalidad (bases jur\u00eddicas del tratamiento)&nbsp;&nbsp; Los datos personales que nos proporcione, as\u00ed como los obtenidos durante la navegaci\u00f3n en nuestros sitios ser\u00e1n utilizados para las siguientes finalidades:&nbsp;&nbsp; Prestar el servicio de registro en el sitio y los servicios relativos, &hellip;<\/p>\n<p class=\"read-more\"> <a class=\"more-link\" href=\"https:\/\/www.ash.es\/botiga-ies-josep-font-trias\/terminos-condiciones-y-politica-de-privacidad\/\"> <span class=\"screen-reader-text\">Terminos, condiciones y pol\u00edtica de privacidad<\/span> Llegir m\u00e9s &raquo;<\/a><\/p>\n","protected":false},"author":4,"featured_media":0,"parent":0,"menu_order":0,"comment_status":"closed","ping_status":"closed","template":"","meta":{"footnotes":""},"class_list":["post-59","page","type-page","status-publish","hentry"],"_links":{"self":[{"href":"https:\/\/www.ash.es\/botiga-ies-josep-font-trias\/wp-json\/wp\/v2\/pages\/59","targetHints":{"allow":["GET"]}}],"collection":[{"href":"https:\/\/www.ash.es\/botiga-ies-josep-font-trias\/wp-json\/wp\/v2\/pages"}],"about":[{"href":"https:\/\/www.ash.es\/botiga-ies-josep-font-trias\/wp-json\/wp\/v2\/types\/page"}],"author":[{"embeddable":true,"href":"https:\/\/www.ash.es\/botiga-ies-josep-font-trias\/wp-json\/wp\/v2\/users\/4"}],"replies":[{"embeddable":true,"href":"https:\/\/www.ash.es\/botiga-ies-josep-font-trias\/wp-json\/wp\/v2\/comments?post=59"}],"version-history":[{"count":1,"href":"https:\/\/www.ash.es\/botiga-ies-josep-font-trias\/wp-json\/wp\/v2\/pages\/59\/revisions"}],"predecessor-version":[{"id":60,"href":"https:\/\/www.ash.es\/botiga-ies-josep-font-trias\/wp-json\/wp\/v2\/pages\/59\/revisions\/60"}],"wp:attachment":[{"href":"https:\/\/www.ash.es\/botiga-ies-josep-font-trias\/wp-json\/wp\/v2\/media?parent=59"}],"curies":[{"name":"wp","href":"https:\/\/api.w.org\/{rel}","templated":true}]}}

Terminos, condiciones y política de privacidad

<p><strong>1. Finalidad (bases jurídicas del tratamiento)&nbsp;</strong>&nbsp;</p><p>Los datos personales que nos proporcione, así como los obtenidos durante la navegación en nuestros sitios serán utilizados para las siguientes finalidades:&nbsp;&nbsp;</p><ol class="wp-block-list"><li>Prestar el servicio de registro en el sitio y los servicios relativos, por requisitos previos a la estipulación de los contratos de venta, para su ejecución y para tutelar las posiciones de crédito derivadas de ellos (ejecución del contrato entre las partes);&nbsp;&nbsp;</li></ol><ol class="wp-block-list" start="2"><li>Por exigencias de naturaleza operativa, de gestión, administrativa y contable, incluidas las comunicaciones por correo electrónico de facturas comerciales (para cumplir con las obligaciones establecidas por la ley y/o reglamentos, en particular en materia fiscal);&nbsp;&nbsp;</li></ol><ol class="wp-block-list" start="3"><li>Consentir el acceso y la navegación a los sitios, elaborar estadísticas anónimas sobre su utilización, controlar el funcionamiento y comprobar posibles responsabilidades en caso de actos ilícitos (interés legítimo de ASH);&nbsp;&nbsp;</li></ol><ol class="wp-block-list" start="4"><li>Desarrollar actividades de marketing, de información comercial y actividades promocionales, también basadas en la elaboración de perfiles, incluido el envío de newsletters y material publicitario a través de aplicaciones de mensajería. Las actividades de elaboración de perfiles efectuadas se basarán en el análisis del comportamiento en la navegación y compra sobre los sitos de ASH y se utilizarán con fines publicitarios en base a su comportamiento.&nbsp;&nbsp;</li></ol><p><strong>2. Cookies&nbsp;</strong>&nbsp;</p><p>En nuestra web utilizamos cookies propias y de terceros para agilizar la navegación por el sitio web, recomendar productos, visualizar contenidos, incluida publicidad, personalizados y acordes con sus intereses. </p><p><strong>3. Comunicación de datos – Trasferencia de datos a externos&nbsp;</strong>&nbsp;</p><p>Los datos personales recabados podrán ser comunicados, según su competencia específica, a las administraciones públicas para el desempeño de sus funciones institucionales, a entidades bancarias, a sujetos especializados en la gestión de sistemas de información y/o sistemas de pago, a sujetos que proporcionen bienes y servicios ofrecidos por ASH, a sujetos que realicen actividades de transporte o envío, a sujetos que ASH&nbsp; emplee para actividades promocionales, publicitarias, de marketing y comunicación, a bufetes de abogados y consultoras, a sujetos encargados de la contabilidad o de auditoría de las sociedades del Grupo y a autoridades públicas para el cumplimiento de la ley.&nbsp;&nbsp;</p><p>Los datos personales no serán, en ningún caso, comunicados a terceros, salvo en los casos indicados anteriormente.&nbsp;&nbsp;</p><p>En la medida estrictamente necesaria para la ejecución de la relación contractual, sus datos personales pueden cederse a terceros, como por ejemplo proveedores de productos y/o servicios, ubicados tanto dentro de la Unión&nbsp;&nbsp;</p><p><strong>4. Aspectos generales&nbsp;</strong>&nbsp;</p><p>El tratamiento de sus datos personales podrá consistir, además de en su recogida, en su registro, conservación, rectificación, comunicación y cancelación de forma automatizada o semiautomatizada y su conservación se hará en formato papel y/o soporte electrónico/ informático/óptico.&nbsp;&nbsp;</p><p>Todos los datos personales tratados por ASH están protegidos por adecuadas medidas de seguridad, según está previsto en la legislación vigente y durante el tiempo estrictamente necesario para cumplir las finalidades mencionadas en el punto 1.&nbsp;&nbsp;</p><p>Para las finalidades descritas en los puntos 1) y 2), sus datos se conservarán durante el período previsto por la ley.&nbsp;&nbsp;</p><p>Para la finalidad descrita en el punto 3) los datos serán conservados durante 2 años.&nbsp;&nbsp;</p><p>Para la finalidad descrita en el punto 4) los datos serán conservados hasta la revocación del consentimiento o la interrupción de la relación contractual.&nbsp;&nbsp;</p><p>De acuerdo a lo previsto en el art.13 del RGPD (EU) 2016/679, le recordamos que usted tiene derecho a solicitar el acceso a sus datos personales, la rectificación, la supresión de los mismos (cuando corresponda) o limitación de su tratamiento. También tiene derecho a revocar la autorización para tratar los datos para los que ha dado su consentimiento, así como el derecho a solicitar la portabilidad de sus datos o a presentar una reclamación ante la Autoridad de Control para la protección de datos personales.&nbsp;&nbsp;</p><p>Todos los derechos anteriormente descritos pueden ejercerse remitiendo un correo electrónico a la dirección:ash@ash.es. Le responderemos sin demora.&nbsp;&nbsp;</p><p>El Responsable del Tratamiento es ASH con domicilio social en rqborea. Calle Joan Riutort, 28, 07190 Esporles.&nbsp;&nbsp;</p>

<p>1. Finalidad (bases jurídicas del tratamiento)&nbsp;&nbsp; Los datos personales que nos proporcione, así como los obtenidos durante la navegación en nuestros sitios serán utilizados para las siguientes finalidades:&nbsp;&nbsp; Prestar el servicio de registro en el sitio y los servicios relativos, &hellip;</p>
<p class="read-more"> <a class="more-link" href="https://www.ash.es/botiga-ies-josep-font-trias/terminos-condiciones-y-politica-de-privacidad/"> <span class="screen-reader-text">Terminos, condiciones y política de privacidad</span> Llegir més &raquo;</a></p>
